*n**3 - 2*n**2 - 8*n + 7. Let l be j(3). Let x(f) = 45*f - 177. List the prime factors of x(l).
2, 3, 113
Suppose -2*p + 4176 = -1194. Let k = 3795 - p. Suppose 19*j - 13*j - k = 0. What are the prime factors of j?
5, 37
Suppose -2*o + 22 = 5*b - 13, -2*o = 2*b - 20. Suppose b*i = 3*t - 12 - 720, -2*i = 2*t - 472. What are the prime factors of t?
239
Let t(m) = 29*m + 2*m**2 - 19 + 10 + 50 + 34 + 84*m**2. List the prime factors of t(-3).
2, 3, 127
Suppose -25*y - 58799 + 169221 = -128678. What are the prime factors of y?
2, 3, 797
Let f be 572/8 - 3/(-6). Suppose 7*w - f = 488. Let g = w - 10. List the prime factors of g.
2, 5, 7
Suppose 0*f - 2*a = -2*f - 12, 4*f + 27 = a. Let d(n) be the first derivative of -15*n**2/2 - 31*n + 2. What are the prime factors of d(f)?
2, 37
Let u = -16770 + 18366. What are the prime factors of u?
2, 3, 7, 19
Let b(f) = 1722*f**2 - 18*f - 48. List the prime factors of b(-3).
2, 3, 17, 19
Suppose -9*m + 27*m = -22*m + 2253720. What are the prime factors of m?
3, 7, 2683
Let g(r) be the first derivative of -7*r**2/2 + 2*r + 1. Suppose 125*h = 108*h - 204. List the prime factors of g(h).
2, 43
Let r be (14/(-8) - (-3)/(-12)) + 1516. Suppose -2*c - 2*x = r, c + 3019 = -3*c + 5*x. What are the prime factors of 1/((-9)/6*8/c)?
3, 7
Let a(c) = 925*c**2 - 93*c - 277. What are the prime factors of a(-3)?
11, 757
List the prime factors of (129682/4 - 1)*(-1392)/(-2088).
21613
Let f be (-3)/(-4)*(-8 - -12). Suppose 11*j - 15*j + 755 = -3*p, -4*j - f*p + 725 = 0. What are the prime factors of j?
5, 37
Let n = -1 + 1. Let t(d) = 2*d**2 - 8*d + 20. Let h be t(8). Suppose n = 3*s - h - 210. What are the prime factors of s?
2, 7
Suppose 0 = -16*o + 20*o - 16. Suppose -i + 1 = -4*y - 21, -o*i + y = -103. Suppose 2*c = 2*m - 3*c - i, -5*m - 5 = 5*c. What are the prime factors of m?
3
Suppose 2*h = 5*u + h + 11, -h = -2*u - 2. Let q(c) = 16*c**2 - 12*c - 33. List the prime factors of q(u).
3, 7
Let n(l) = -l**3 + 30*l**2 + 8*l + 16. List the prime factors of n(-12).
2, 373
Let d(i) = -21*i - 122. Let r be d(-6). Suppose 0 = r*x - 2018 + 326. What are the prime factors of x?
3, 47
Suppose 0 = 2*c + 12, 41*c - 92010 = -2*i + 42*c. What are the prime factors of i?
2, 3, 11, 17, 41
Let p(b) = -7*b + 14*b - 6*b + 305*b**2 + 121*b**2. What are the prime factors of p(-1)?
5, 17
Let k = 24433 - 8906. List the prime factors of k.
15527
Suppose -445850 = -30*w + 47*w - 42*w. List the prime factors of w.
2, 37, 241
Suppose 3*x + 2*x - 20 = 0. Suppose 1071*v - 1044*v = -11880. What are the prime factors of ((-3)/(-1))/((-5)/(v/x))?
2, 3, 11
List the prime factors of (-35)/15 - 38*41/(-3).
11, 47
List the prime factors of (-6321130)/(-4615) - 4/(-13).
2, 5, 137
Let u(i) = 57*i**3 + 10*i + 5047. List the prime factors of u(0).
7, 103
Suppose 15*b - 16*b = y - 46, -3*b = -3*y - 156. Let c = b - -451. List the prime factors of c.
2, 5
Let l(m) = 5*m**2 - 5*m - 26. Let y be l(-12). Suppose 4*x - 54 = y. List the prime factors of x.
2, 101
Let a(b) = 63*b + 172. Let t(w) = 60*w + 173. Let j(z) = -2*a(z) + 3*t(z). List the prime factors of j(12).
823
Let k(m) = -m**3 + 36*m**2 - 154*m - 26. Let w be k(31). Let l(p) = 329*p - 233. What are the prime factors of l(w)?
2, 353
Let t = 76696 + -44816. What are the prime factors of t?
2, 5, 797
Let j(n) = -n**3 + 19*n**2 + n + 20. Suppose 3*l + 7 + 20 = 0. Let f be 21 - ((-64)/(-36) + (-2)/l). List the prime factors of j(f).
3, 13
Let h be 20 - (-13 + -19)/8. Let d = -5 - 12. Let f = d + h. List the prime factors of f.
7
Suppose 4*f + 18 = 34. Suppose 1188 = -4*t + 7*t + 3*p, -t + f*p + 386 = 0. What are the prime factors of t?
2, 197
Let d = -9 - -46. Suppose -3*c + 4*i + 653 = 0, 3*i = 5*c - 1110 + 7. Let m = c - d. What are the prime factors of m?
2, 3, 31
List the prime factors of (-28)/(-42)*-398*-3.
2, 199
Let n(i) = -2*i**3 - i**2 - 2*i + 5282. Let k be n(0). Suppose 0 = -25*b + 44*b - k. What are the prime factors of b?
2, 139
Let w be 6/2 - (-27)/2*2. Let z = 75 - w. List the prime factors of (80/(-6) + -2)/((-5)/z).
2, 3, 23
Let m = -1261 + 677. Let k = -299 - m. What are the prime factors of k?
3, 5, 19
Let o(y) = 8*y**2 - 4*y - 6. Let h be -6 - (8*(-5)/10)/2. What are the prime factors of o(h)?
2, 3, 23
Let c(l) = 26*l**2 + l - 908. What are the prime factors of c(-32)?
2, 6421
Let v be 2*(2 + 15/(-6)). Let h(z) = -5*z - 2. Let j be h(v). Suppose -407 = -j*s - 38. What are the prime factors of s?
3, 41
Suppose 4*h = 2*j + 18 - 132, -5*h + j = 141. Let m(n) = -41*n - 222. What are the prime factors of m(h)?
2, 463
Let m(z) = 1576*z + 75104. What are the prime factors of m(0)?
2, 2347
Let z(y) = 1792*y + 77. Let g(o) = -211*o - 9. Let j(x) = 42*g(x) + 5*z(x). List the prime factors of j(3).
7, 43
Suppose 10*i = -23*i + 165. Suppose i*h = -7*l + 4*l + 1360, -5*h = 2*l - 915. What are the prime factors of l?
5, 89
Suppose 0 = u - 8*u. Let t be (u - (-1 - -2))*4/(-2). What are the prime factors of t + ((-6)/(-14) - (-33)/21)?
2
Let l(x) be the third derivative of -x**5/60 - x**4/24 + 64*x**3/3 - 17*x**2. Suppose -3*s + j = -4, -4*s + 3*s + 4 = -j. What are the prime factors of l(s)?
2
What are the prime factors of (-9)/(-5) - 2 - ((-1962752)/80)/17?
3, 13, 37
Let k(h) be the second derivative of 3*h**4/4 + 3*h**3 + 43*h**2 + 167*h. List the prime factors of k(-10).
2, 13, 31
Let s(h) = 2*h**3 - 6*h**2 - 6*h - 88. Let i be s(7). Suppose 880 = 6*x + i. What are the prime factors of x?
103
Let b(f) = -26*f + 1487. List the prime factors of b(-66).
3203
Suppose -9*b - 166 = 77. Let x be b/(-12) + (-6)/(-8). Suppose 4*s + x*g = 38 + 322, 4*s - 4*g - 388 = 0. List the prime factors of s.
3, 31
Suppose 28 = 20*o - 6*o. Suppose -o*q + 3184 = 2*q. List the prime factors of q.
2, 199
Suppose -18*d + 114 = 78. Suppose 3*k - 2*o - 186 = o, o = d*k - 123. What are the prime factors of k?
61
Let l = 178 - 148. Suppose 32*x = l*x + 202. List the prime factors of x.
101
Suppose -27*p - 4 = -29*p. Suppose p*z - 6*z - 620 = -5*x, z = -4*x + 517. Let i = x + 3. What are the prime factors of i?
131
Suppose i - 5*c = -12, 4*i - 9*c = -7*c - 12. What are the prime factors of 647/((-70)/28*i/10)?
2, 647
Suppose -25*y = -27*y. Let c be y*((-3)/6 - (2 - 2)). Suppose c = -4*u + 7*u - 354. List the prime factors of u.
2, 59
Suppose -3*f - 48808 = -5*x, -x + 4*f + 4532 + 5216 = 0. What are the prime factors of x?
2, 2441
Let t(j) be the second derivative of j**5/20 - 2*j**4/3 + 15*j**2/2 - 13*j. Let z be t(8). Suppose 18*h - z*h = 333. List the prime factors of h.
3, 37
Let v be ((-1512)/35)/(((-9)/10)/3). Suppose f - 10 = v. List the prime factors of f.
2, 7, 11
Let i(n) = 4*n - 57. Let f be i(15). Suppose 3*b - 5*b + 72 = 0. Suppose m - 36 = -m + 2*l, f*l + b = 2*m. List the prime factors of m.
2, 3
Let n(p) = -25*p - 342. Let u be n(-14). What are the prime factors of 90/(-80)*u/(-1)?
3
Let a = -89 - -91. Suppose -a*m + 331 = 5*o, -140 = -2*o - 3*m + 6*m. What are the prime factors of o?
67
Let h = -50 - -76. Suppose -3*d + h = 2*a, 2*d - 80 = -4*a + 3*d. Suppose r + a = 88. List the prime factors of r.
3, 23
Let g(f) = 16*f + 1667. Let y be g(-85). Suppose -o = 4*i - 59, 0 = o - 3*o - 3*i + 103. Suppose -6*w + o = -y. List the prime factors of w.
59
Suppose 20 = -6*r - 52. Let a(f) = -f - 18. Let l be a(r). What are the prime factors of (9/l)/((-5)/30) - -1?
2, 5
List the prime factors of (85675 - (1 + -2))*(-101)/(-404).
21419
Suppose 5*d + 3165 = 14320. Suppose -4*l + 3*w = -1118, 0 = -5*l + w + d - 828. What are the prime factors of l/4 - 14/56?
2, 5, 7
Suppose -4*z + 1668 = -2800. Suppose -25 = -5*i, 2*p = 6*p + i - z. List the prime factors of p.
2, 139
Let j = -17 - -22. Suppose -4*c - j*c = -2430. What are the prime factors of c?
2, 3, 5
Let u(i) be the first derivative of -32*i**2 + 21*i - 103. List the prime factors of u(-7).
7, 67
Let d(l) = 2*l**3 - l**2 - 6*l + 9. Let u(i) = 5*i**3 - 3*i**2 - 18*i + 27. Let w(o) = 11*d(o) - 4*u(o). What are the prime factors of w(6)?
3, 5, 11
Let q(y) = -2*y**2 - 5*y - 9. Let x be q(-3). Let v be (3 + 4974/12)*x/(-15). Suppose c - v + 50 = 0. List the prime factors of c.
2, 71
Let h = -99274 + 143349. List the prime factors of h.
5, 41, 43
Let k(b) = 19*b**2 + 1. Suppose -